e remainder when 95 is divided by 24.
23
What is the remainder when 347 is divided by 51?
41
What is the remainder when 621 is divided by 25?
21
Calculate the remainder when 20 is divided by 3.
2
Calculate the remainder when 410 is divided by 137.
136
Calculate the remainder when 53 is divided by 14.
11
What is the remainder when 153 is divided by 32?
25
Calculate the remainder when 799 is divided by 32.
31
Calculate the remainder when 84 is divided by 19.
8
Calculate the remainder when 152 is divided by 133.
19
Calculate the remainder when 347 is divided by 103.
38
Calculate the remainder when 269 is divided by 16.
13
Calculate the remainder when 36 is divided by 25.
11
What is the remainder when 404 is divided by 4?
0
Calculate the remainder when 59 is divided by 10.
9
What is the remainder when 1902 is divided by 493?
423
Calculate the remainder when 4197 is divided by 42.
39
What is the remainder when 1965 is divided by 211?
66
What is the remainder when 176 is divided by 28?
8
What is the remainder when 262 is divided by 85?
7
Calculate the remainder when 14 is divided by 6.
2
Calculate the remainder when 1008 is divided by 64.
48
Calculate the remainder when 257 is divided by 14.
5
What is the remainder when 99 is divided by 32?
3
What is the remainder when 332 is divided by 81?
8
What is the remainder when 146 is divided by 23?
8
What is the remainder when 526 is divided by 53?
49
Calculate the remainder when 10299 is divided by 14.
9
Calculate the remainder when 1727 is divided by 144.
143
What is the remainder when 15568 is divided by 5?
3
What is the remainder when 84 is divided by 15?
9
Calculate the remainder when 758 is divided by 750.
8
What is the remainder when 157 is divided by 20?
17
What is the remainder when 9855 is divided by 14?
13
Calculate the remainder when 232 is divided by 121.
111
Calculate the remainder when 177 is divided by 127.
50
Calculate the remainder when 81 is divided by 21.
18
What is the remainder when 34 is divided by 29?
5
What is the remainder when 292 is divided by 95?
7
Calculate the remainder when 2158 is divided by 54.
52
Calculate the remainder when 1451 is divided by 6.
5
Calculate the remainder when 64 is divided by 13.
12
What is the remainder when 634 is divided by 238?
158
Calculate the remainder when 153 is divided by 55.
43
Calculate the remainder when 1664 is divided by 49.
47
What is the remainder when 49 is divided by 44?
5
Calculate the remainder when 204 is divided by 41.
40
What is the remainder when 1906 is divided by 83?
80
What is the remainder when 933 is divided by 26?
23
What is the remainder when 199 is divided by 4?
3
Calculate the remainder when 49 is divided by 9.
4
Calculate the remainder when 281 is divided by 217.
64
What is the remainder when 102 is divided by 23?
10
Calculate the remainder when 50 is divided by 13.
11
Calculate the remainder when 554 is divided by 10.
4
Calculate the remainder when 710 is divided by 296.
118
Calculate the remainder when 608 is divided by 61.
59
What is the remainder when 11801 is divided by 29?
27
What is the remainder when 49 is divided by 47?
2
Calculate the remainder when 226 is divided by 109.
8
Calculate the remainder when 2597 is divided by 647.
9
Calculate the remainder when 2921 is divided by 68.
65
Calculate the remainder when 575 is divided by 119.
99
Calculate the remainder when 557 is divided by 16.
13
Calculate the remainder when 608 is divided by 106.
78
What is the remainder when 572 is divided by 3?
2
Calculate the remainder when 2701 is divided by 59.
46
What is the remainder when 97 is divided by 29?
10
Calculate the remainder when 655 is divided by 96.
79
Calculate the remainder when 181 is divided by 144.
37
What is the remainder when 124 is divided by 10?
4
Calculate the remainder when 2331 is divided by 22.
21
Calculate the remainder when 8303 is divided by 55.
53
What is the remainder when 104 is divided by 22?
16
Calculate the remainder when 245 is divided by 76.
17
What is the remainder when 848 is divided by 34?
32
Calculate the remainder when 239 is divided by 6.
5
Calculate the remainder when 5845 is divided by 172.
169
What is the remainder when 713 is divided by 65?
63
Calculate the remainder when 44 is divided by 5.
4
What is the remainder when 20698 is divided by 25?
23
Calculate the remainder when 190 is divided by 19.
0
Calculate the remainder when 5146 is divided by 25.
21
Calculate the remainder when 59 is divided by 12.
11
What is the remainder when 400 is divided by 97?
12
What is the remainder when 577 is divided by 8?
1
What is the remainder when 1140 is divided by 117?
87
Calculate the remainder when 34894 is divided by 48.
46
What is the remainder when 6927 is divided by 22?
19
What is the remainder when 445 is divided by 83?
30
What is the remainder when 343 is divided by 111?
10
What is the remainder when 299 is divided by 52?
39
Calculate the remainder when 2452 is divided by 151.
36
Calculate the remainder when 477 is divided by 30.
27
Calculate the remainder when 805 is divided by 20.
5
What is the remainder when 77 is divided by 17?
9
What is the remainder when 223 is divided by 19?
14
Calculate the remainder when 2905 is divided by 104.
97
What is the remainder when 405 is divided by 24?
21
Calculate the remainder when 1474 is divided by 6.
4
Calculate the remainder when 2351 is divided by 16.
15
Calculate the remainder when 874 is divided by 7.
6
What is the remainder when 141 is divided by 74?
67
What is the remainder when 24 is divided by 23?
1
What is the remainder when 896 is divided by 150?
146
What is the remainder when 1290 is divided by 22?
14
Calculate the remainder when 391 is divided by 105.
76
Calculate the remainder when 239 is divided by 96.
47
What is the remainder when 1629 is divided by 23?
19
What is the remainder when 38 is divided by 20?
18
Calculate the remainder when 550 is divided by 6.
4
Calculate the remainder when 263 is divided by 108.
47
Calculate the remainder when 482 is divided by 108.
50
What is the remainder when 623 is divided by 26?
25
What is the remainder when 667 is divided by 93?
16
What is the remainder when 477 is divided by 239?
238
What is the remainder when 293 is divided by 34?
21
Calculate the remainder when 330 is divided by 181.
149
Calculate the remainder when 790 is divided by 24.
22
What is the remainder when 2302 is divided by 47?
46
What is the remainder when 1741 is divided by 189?
40
What is the remainder when 5178 is divided by 33?
30
Calculate the remainder when 154 is divided by 43.
25
What is the remainder when 301 is divided by 145?
11
What is the remainder when 86 is divided by 29?
28
Calculate the remainder when 175 is divided by 37.
27
What is the remainder when 16 is divided by 3?
1
Calculate the remainder when 443 is divided by 149.
145
Calculate the remainder when 231 is divided by 29.
28
Calculate the remainder when 64 is divided by 37.
27
Calculate the remainder when 273 is divided by 36.
21
What is the remainder when 256 is divided by 8?
0
What is the remainder when 514 is divided by 174?
166
Calculate the remainder when 11789 is divided by 22.
19
Calculate the remainder when 1389 is divided by 13.
11
What is the remainder when 857 is divided by 176?
153
What is the remainder when 6485 is divided by 47?
46
Calculate the remainder when 44 is divided by 23.
21
Calculate the remainder when 2169 is divided by 99.
90
Calculate the remainder when 1047 is divided by 104.
7
Calculate the remainder when 537 is divided by 90.
87
What is the remainder when 91 is divided by 3?
1
What is the remainder when 81 is divided by 23?
12
What is the remainder when 951 is divided by 18?
15
Calculate the remainder when 1658 is divided by 79.
78
What is the remainder when 837 is divided by 21?
18
What is the remainder when 37279 is divided by 80?
79
Calculate the remainder when 1078 is divided by 27.
25
What is the remainder when 40 is divided by 12?
4
What is the remainder when 151 is divided by 13?
8
Calculate the remainder when 3727 is divided by 178.
167
What is the remainder when 226 is divided by 59?
49
What is the remainder when 294 is divided by 78?
60
Calculate the remainder when 93 is divided by 19.
17
Calculate the remainder wh